{"id":1935,"date":"2023-04-17T18:26:42","date_gmt":"2023-04-17T16:26:42","guid":{"rendered":"http:\/\/www.altesrathaus-kaarst.de\/wordpress\/?post_type=tribe_events&#038;p=1935"},"modified":"2025-12-08T19:27:26","modified_gmt":"2025-12-08T18:27:26","slug":"liveband-blues-kitchen-2","status":"publish","type":"tribe_events","link":"http:\/\/www.altesrathaus-kaarst.de\/wordpress\/event\/liveband-blues-kitchen-2\/","title":{"rendered":"Liveband \u201eBlues Kitchen\u201c"},"content":{"rendered":"<p>Das Alte Rathaus steht f\u00fcr Events.<\/p>\n<p>Wir freuen uns, die Band BLUES KITCHEN pr\u00e4sentieren zu d\u00fcrfen! Donnerstag, den 25. Mai ab 19 Uhr im Herzen von Kaarst.\u00a0FREIER EINTRITT und nat\u00fcrlich LIVE. Ein Besuch lohnt sich.<\/p>\n<p>Euer Altes-Rathaus-Team.<\/p>\n<p><a class=\"x1i10hfl xjbqb8w x6umtig x1b1mbwd xaqea5y xav7gou x9f619 x1ypdohk xt0psk2 xe8uvvx xdj266r x11i5rnm xat24cr x1mh8g0r xexx8yu x4uap5 x18d9i69 xkhd6sd x16tdsg8 x1hl2dhg xggy1nq x1a2a7pz xt0b8zv xzsf02u x1s688f\" tabindex=\"0\" role=\"link\" href=\"https:\/\/www.facebook.com\/hashtag\/altesrathauskaarst?__eep__=6&amp;__tn__=*NK*F\">#altesrathauskaarst<\/a> <a class=\"x1i10hfl xjbqb8w x6umtig x1b1mbwd xaqea5y xav7gou x9f619 x1ypdohk xt0psk2 xe8uvvx xdj266r x11i5rnm xat24cr x1mh8g0r xexx8yu x4uap5 x18d9i69 xkhd6sd x16tdsg8 x1hl2dhg xggy1nq x1a2a7pz xt0b8zv xzsf02u x1s688f\" tabindex=\"0\" role=\"link\" href=\"https:\/\/www.facebook.com\/hashtag\/imherzenvonkaarst?__eep__=6&amp;__tn__=*NK*F\">#imherzenvonkaarst<\/a><a class=\"x1i10hfl xjbqb8w x6umtig x1b1mbwd xaqea5y xav7gou x9f619 x1ypdohk xt0psk2 xe8uvvx xdj266r x11i5rnm xat24cr x1mh8g0r xexx8yu x4uap5 x18d9i69 xkhd6sd x16tdsg8 x1hl2dhg xggy1nq x1a2a7pz xt0b8zv xzsf02u x1s688f\" tabindex=\"0\" role=\"link\" href=\"https:\/\/www.facebook.com\/hashtag\/kaarst?__eep__=6&amp;__tn__=*NK*F\">#kaarst<\/a> <a class=\"x1i10hfl xjbqb8w x6umtig x1b1mbwd xaqea5y xav7gou x9f619 x1ypdohk xt0psk2 xe8uvvx xdj266r x11i5rnm xat24cr x1mh8g0r xexx8yu x4uap5 x18d9i69 xkhd6sd x16tdsg8 x1hl2dhg xggy1nq x1a2a7pz xt0b8zv xzsf02u x1s688f\" tabindex=\"0\" role=\"link\" href=\"https:\/\/www.facebook.com\/hashtag\/livemusik?__eep__=6&amp;__tn__=*NK*F\">#livemusik<\/a> <a class=\"x1i10hfl xjbqb8w x6umtig x1b1mbwd xaqea5y xav7gou x9f619 x1ypdohk xt0psk2 xe8uvvx xdj266r x11i5rnm xat24cr x1mh8g0r xexx8yu x4uap5 x18d9i69 xkhd6sd x16tdsg8 x1hl2dhg xggy1nq x1a2a7pz xt0b8zv xzsf02u x1s688f\" tabindex=\"0\" role=\"link\" href=\"https:\/\/www.facebook.com\/hashtag\/loudandproud?__eep__=6&amp;__tn__=*NK*F\">#blueskitchen<\/a><\/p>\n","protected":false},"excerpt":{"rendered":"<p>Das Alte Rathaus steht f\u00fcr Events. Wir freuen uns, die Band BLUES KITCHEN pr\u00e4sentieren zu d\u00fcrfen! Donnerstag, den 25. Mai ab 19 Uhr im Herzen von Kaarst.\u00a0FREIER EINTRITT und nat\u00fcrlich LIVE. Ein Besuch lohnt sich. Euer Altes-Rathaus-Team. #altesrathauskaarst #imherzenvonkaarst#kaarst #livemusik #blueskitchen<\/p>\n","protected":false},"author":1,"featured_media":1937,"template":"","meta":{"_tribe_events_status":"","_tribe_events_status_reason":"","footnotes":""},"tags":[],"tribe_events_cat":[4],"class_list":["post-1935","tribe_events","type-tribe_events","status-publish","has-post-thumbnail","hentry","tribe_events_cat-eventskalender","cat_eventskalender"],"_links":{"self":[{"href":"http:\/\/www.altesrathaus-kaarst.de\/wordpress\/wp-json\/wp\/v2\/tribe_events\/1935","targetHints":{"allow":["GET"]}}],"collection":[{"href":"http:\/\/www.altesrathaus-kaarst.de\/wordpress\/wp-json\/wp\/v2\/tribe_events"}],"about":[{"href":"http:\/\/www.altesrathaus-kaarst.de\/wordpress\/wp-json\/wp\/v2\/types\/tribe_events"}],"author":[{"embeddable":true,"href":"http:\/\/www.altesrathaus-kaarst.de\/wordpress\/wp-json\/wp\/v2\/users\/1"}],"version-history":[{"count":1,"href":"http:\/\/www.altesrathaus-kaarst.de\/wordpress\/wp-json\/wp\/v2\/tribe_events\/1935\/revisions"}],"predecessor-version":[{"id":1936,"href":"http:\/\/www.altesrathaus-kaarst.de\/wordpress\/wp-json\/wp\/v2\/tribe_events\/1935\/revisions\/1936"}],"wp:featuredmedia":[{"embeddable":true,"href":"http:\/\/www.altesrathaus-kaarst.de\/wordpress\/wp-json\/wp\/v2\/media\/1937"}],"wp:attachment":[{"href":"http:\/\/www.altesrathaus-kaarst.de\/wordpress\/wp-json\/wp\/v2\/media?parent=1935"}],"wp:term":[{"taxonomy":"post_tag","embeddable":true,"href":"http:\/\/www.altesrathaus-kaarst.de\/wordpress\/wp-json\/wp\/v2\/tags?post=1935"},{"taxonomy":"tribe_events_cat","embeddable":true,"href":"http:\/\/www.altesrathaus-kaarst.de\/wordpress\/wp-json\/wp\/v2\/tribe_events_cat?post=1935"}],"curies":[{"name":"wp","href":"https:\/\/api.w.org\/{rel}","templated":true}]}}

<p>Das Alte Rathaus steht für Events.</p>
<p>Wir freuen uns, die Band BLUES KITCHEN präsentieren zu dürfen! Donnerstag, den 25. Mai ab 19 Uhr im Herzen von Kaarst. FREIER EINTRITT und natürlich LIVE. Ein Besuch lohnt sich.</p>
<p>Euer Altes-Rathaus-Team.</p>
<p><a class="x1i10hfl xjbqb8w x6umtig x1b1mbwd xaqea5y xav7gou x9f619 x1ypdohk xt0psk2 xe8uvvx xdj266r x11i5rnm xat24cr x1mh8g0r xexx8yu x4uap5 x18d9i69 xkhd6sd x16tdsg8 x1hl2dhg xggy1nq x1a2a7pz xt0b8zv xzsf02u x1s688f" tabindex="0" role="link" href="https://www.facebook.com/hashtag/altesrathauskaarst?__eep__=6&amp;__tn__=*NK*F">#altesrathauskaarst</a> <a class="x1i10hfl xjbqb8w x6umtig x1b1mbwd xaqea5y xav7gou x9f619 x1ypdohk xt0psk2 xe8uvvx xdj266r x11i5rnm xat24cr x1mh8g0r xexx8yu x4uap5 x18d9i69 xkhd6sd x16tdsg8 x1hl2dhg xggy1nq x1a2a7pz xt0b8zv xzsf02u x1s688f" tabindex="0" role="link" href="https://www.facebook.com/hashtag/imherzenvonkaarst?__eep__=6&amp;__tn__=*NK*F">#imherzenvonkaarst</a><a class="x1i10hfl xjbqb8w x6umtig x1b1mbwd xaqea5y xav7gou x9f619 x1ypdohk xt0psk2 xe8uvvx xdj266r x11i5rnm xat24cr x1mh8g0r xexx8yu x4uap5 x18d9i69 xkhd6sd x16tdsg8 x1hl2dhg xggy1nq x1a2a7pz xt0b8zv xzsf02u x1s688f" tabindex="0" role="link" href="https://www.facebook.com/hashtag/kaarst?__eep__=6&amp;__tn__=*NK*F">#kaarst</a> <a class="x1i10hfl xjbqb8w x6umtig x1b1mbwd xaqea5y xav7gou x9f619 x1ypdohk xt0psk2 xe8uvvx xdj266r x11i5rnm xat24cr x1mh8g0r xexx8yu x4uap5 x18d9i69 xkhd6sd x16tdsg8 x1hl2dhg xggy1nq x1a2a7pz xt0b8zv xzsf02u x1s688f" tabindex="0" role="link" href="https://www.facebook.com/hashtag/livemusik?__eep__=6&amp;__tn__=*NK*F">#livemusik</a> <a class="x1i10hfl xjbqb8w x6umtig x1b1mbwd xaqea5y xav7gou x9f619 x1ypdohk xt0psk2 xe8uvvx xdj266r x11i5rnm xat24cr x1mh8g0r xexx8yu x4uap5 x18d9i69 xkhd6sd x16tdsg8 x1hl2dhg xggy1nq x1a2a7pz xt0b8zv xzsf02u x1s688f" tabindex="0" role="link" href="https://www.facebook.com/hashtag/loudandproud?__eep__=6&amp;__tn__=*NK*F">#blueskitchen</a></p>

<p>Das Alte Rathaus steht für Events. Wir freuen uns, die Band BLUES KITCHEN präsentieren zu dürfen! Donnerstag, den 25. Mai ab 19 Uhr im Herzen von Kaarst. FREIER EINTRITT und natürlich LIVE. Ein Besuch lohnt sich. Euer Altes-Rathaus-Team. #altesrathauskaarst #imherzenvonkaarst#kaarst #livemusik #blueskitchen</p>
