{"id":2860,"date":"2026-09-01T19:50:55","date_gmt":"2026-09-01T17:50:55","guid":{"rendered":"https:\/\/www.altesrathaus-kaarst.de\/wordpress\/?post_type=tribe_events&#038;p=2860"},"modified":"2026-09-01T19:50:55","modified_gmt":"2026-09-01T17:50:55","slug":"der-grosse-stadt-troedelmarkt","status":"publish","type":"tribe_events","link":"http:\/\/www.altesrathaus-kaarst.de\/wordpress\/event\/der-grosse-stadt-troedelmarkt\/","title":{"rendered":"Der gro\u00dfe Stadt-Tr\u00f6delmarkt"},"content":{"rendered":"<p class=\"PDq2pG_selectionAnchorContainer\" data-start=\"0\" data-end=\"50\">\ud83d\udecd\ufe0f <strong data-start=\"4\" data-end=\"46\">Der gro\u00dfe Stadt-Tr\u00f6delmarkt in Kaarst!<\/strong> \ud83d\udecd\ufe0f<\/p>\n<p data-start=\"52\" data-end=\"281\">Am <strong data-start=\"55\" data-end=\"83\">11. Oktober ab 10:00 Uhr<\/strong> hei\u00dft es wieder: st\u00f6bern, entdecken, handeln und Lieblingsst\u00fccke finden! \u2764\ufe0f<br data-start=\"159\" data-end=\"162\" \/>Von <strong data-start=\"166\" data-end=\"198\">Antiquit\u00e4ten bis Schn\u00e4ppchen<\/strong>, Kinderwaren und besonderen Sch\u00e4tzen \u2013 hier ist f\u00fcr die ganze Familie etwas dabei.<\/p>\n<p data-start=\"283\" data-end=\"385\">\ud83d\udccd Rathausstra\u00dfe 3 \u2013 rund um die Kirche<br data-start=\"322\" data-end=\"325\" \/>\ud83c\udfb5 Musik \u2022 \ud83c\udf70 leckere Speisen &amp; Getr\u00e4nke \u2022 \ud83d\udc8e sch\u00f6ne Sch\u00e4tze<\/p>\n<p data-start=\"387\" data-end=\"433\"><strong data-start=\"387\" data-end=\"430\">Kommt vorbei \u2013 wir freuen uns auf euch!<\/strong> \ud83d\udc99<\/p>\n<p data-start=\"435\" data-end=\"537\">#Kaarst #Tr\u00f6delmarkt #Stadttr\u00f6delmarkt #Flohmarkt #Schn\u00e4ppchen #Antiquit\u00e4ten #Kinderflohmarkt #Sonntag<\/p>\n","protected":false},"excerpt":{"rendered":"<p>\ud83d\udecd\ufe0f Der gro\u00dfe Stadt-Tr\u00f6delmarkt in Kaarst! \ud83d\udecd\ufe0f Am 11. Oktober ab 10:00 Uhr hei\u00dft es wieder: st\u00f6bern, entdecken, handeln und Lieblingsst\u00fccke finden! \u2764\ufe0fVon Antiquit\u00e4ten bis Schn\u00e4ppchen, Kinderwaren und besonderen Sch\u00e4tzen \u2013 hier ist f\u00fcr die ganze Familie etwas dabei. \ud83d\udccd Rathausstra\u00dfe 3 \u2013 rund um die Kirche\ud83c\udfb5 Musik \u2022 \ud83c\udf70 [&hellip;]<\/p>\n","protected":false},"author":1,"featured_media":2861,"template":"","meta":{"_tribe_events_status":"","_tribe_events_status_reason":"","footnotes":""},"tags":[],"tribe_events_cat":[4],"class_list":["post-2860","tribe_events","type-tribe_events","status-publish","has-post-thumbnail","hentry","tribe_events_cat-eventskalender","cat_eventskalender"],"_links":{"self":[{"href":"http:\/\/www.altesrathaus-kaarst.de\/wordpress\/wp-json\/wp\/v2\/tribe_events\/2860","targetHints":{"allow":["GET"]}}],"collection":[{"href":"http:\/\/www.altesrathaus-kaarst.de\/wordpress\/wp-json\/wp\/v2\/tribe_events"}],"about":[{"href":"http:\/\/www.altesrathaus-kaarst.de\/wordpress\/wp-json\/wp\/v2\/types\/tribe_events"}],"author":[{"embeddable":true,"href":"http:\/\/www.altesrathaus-kaarst.de\/wordpress\/wp-json\/wp\/v2\/users\/1"}],"version-history":[{"count":1,"href":"http:\/\/www.altesrathaus-kaarst.de\/wordpress\/wp-json\/wp\/v2\/tribe_events\/2860\/revisions"}],"predecessor-version":[{"id":2862,"href":"http:\/\/www.altesrathaus-kaarst.de\/wordpress\/wp-json\/wp\/v2\/tribe_events\/2860\/revisions\/2862"}],"wp:featuredmedia":[{"embeddable":true,"href":"http:\/\/www.altesrathaus-kaarst.de\/wordpress\/wp-json\/wp\/v2\/media\/2861"}],"wp:attachment":[{"href":"http:\/\/www.altesrathaus-kaarst.de\/wordpress\/wp-json\/wp\/v2\/media?parent=2860"}],"wp:term":[{"taxonomy":"post_tag","embeddable":true,"href":"http:\/\/www.altesrathaus-kaarst.de\/wordpress\/wp-json\/wp\/v2\/tags?post=2860"},{"taxonomy":"tribe_events_cat","embeddable":true,"href":"http:\/\/www.altesrathaus-kaarst.de\/wordpress\/wp-json\/wp\/v2\/tribe_events_cat?post=2860"}],"curies":[{"name":"wp","href":"https:\/\/api.w.org\/{rel}","templated":true}]}}

Der große Stadt-Trödelmarkt

<p class="PDq2pG_selectionAnchorContainer" data-start="0" data-end="50">🛍️ <strong data-start="4" data-end="46">Der große Stadt-Trödelmarkt in Kaarst!</strong> 🛍️</p>
<p data-start="52" data-end="281">Am <strong data-start="55" data-end="83">11. Oktober ab 10:00 Uhr</strong> heißt es wieder: stöbern, entdecken, handeln und Lieblingsstücke finden! ❤️<br data-start="159" data-end="162" />Von <strong data-start="166" data-end="198">Antiquitäten bis Schnäppchen</strong>, Kinderwaren und besonderen Schätzen – hier ist für die ganze Familie etwas dabei.</p>
<p data-start="283" data-end="385">📍 Rathausstraße 3 – rund um die Kirche<br data-start="322" data-end="325" />🎵 Musik • 🍰 leckere Speisen &amp; Getränke • 💎 schöne Schätze</p>
<p data-start="387" data-end="433"><strong data-start="387" data-end="430">Kommt vorbei – wir freuen uns auf euch!</strong> 💙</p>
<p data-start="435" data-end="537">#Kaarst #Trödelmarkt #Stadttrödelmarkt #Flohmarkt #Schnäppchen #Antiquitäten #Kinderflohmarkt #Sonntag</p>

<p>🛍️ Der große Stadt-Trödelmarkt in Kaarst! 🛍️ Am 11. Oktober ab 10:00 Uhr heißt es wieder: stöbern, entdecken, handeln und Lieblingsstücke finden! ❤️Von Antiquitäten bis Schnäppchen, Kinderwaren und besonderen Schätzen – hier ist für die ganze Familie etwas dabei. 📍 Rathausstraße 3 – rund um die Kirche🎵 Musik • 🍰 [&hellip;]</p>
