{"id":443,"date":"2016-12-28T19:18:39","date_gmt":"2016-12-28T18:18:39","guid":{"rendered":"http:\/\/www.altesrathaus-kaarst.de\/wordpress\/?post_type=tribe_events&#038;p=443"},"modified":"2025-12-08T19:27:09","modified_gmt":"2025-12-08T18:27:09","slug":"wir-feiern-muttertag-altes-rathaus-kaarst","status":"publish","type":"tribe_events","link":"http:\/\/www.altesrathaus-kaarst.de\/wordpress\/event\/wir-feiern-muttertag-altes-rathaus-kaarst\/","title":{"rendered":"Muttertags Fr\u00fchst\u00fccksbrunch"},"content":{"rendered":"<h3>MUTTERTAG |\u00a0Altes Rathaus Kaarst<br \/>\nSONNTAG, 12. Mai 2024 | ab 10 UHR<\/h3>\n<h5><em>Ein HOCH auf alle M\u00fctter aus Kaarst *g*.<\/em><\/h5>\n<p>FR\u00dcHST\u00dcCKS-BUFFET f\u00fcr nur 22,90\u20ac<\/p>\n<h5>Eine Voranmeldung ist gerne erw\u00fcnscht:<br \/>\ninfo@altesrathauskaarst.de<wbr \/>\u00a0| Telefon: 02131\/7428536<\/h5>\n<p>Wir freuen uns auf Euch.<br \/>\nEuer Altes Rathaus Team.<\/p>\n","protected":false},"excerpt":{"rendered":"<p>MUTTERTAG |\u00a0Altes Rathaus Kaarst SONNTAG, 12. Mai 2024 | ab 10 UHR Ein HOCH auf alle M\u00fctter aus Kaarst *g*. FR\u00dcHST\u00dcCKS-BUFFET f\u00fcr nur 22,90\u20ac Eine Voranmeldung ist gerne erw\u00fcnscht: info@altesrathauskaarst.de\u00a0| Telefon: 02131\/7428536 Wir freuen uns auf Euch. Euer Altes Rathaus Team.<\/p>\n","protected":false},"author":1,"featured_media":2027,"template":"","meta":{"_tribe_events_status":"","_tribe_events_status_reason":"","footnotes":""},"tags":[],"tribe_events_cat":[4],"class_list":["post-443","tribe_events","type-tribe_events","status-publish","has-post-thumbnail","hentry","tribe_events_cat-eventskalender","cat_eventskalender"],"_links":{"self":[{"href":"http:\/\/www.altesrathaus-kaarst.de\/wordpress\/wp-json\/wp\/v2\/tribe_events\/443","targetHints":{"allow":["GET"]}}],"collection":[{"href":"http:\/\/www.altesrathaus-kaarst.de\/wordpress\/wp-json\/wp\/v2\/tribe_events"}],"about":[{"href":"http:\/\/www.altesrathaus-kaarst.de\/wordpress\/wp-json\/wp\/v2\/types\/tribe_events"}],"author":[{"embeddable":true,"href":"http:\/\/www.altesrathaus-kaarst.de\/wordpress\/wp-json\/wp\/v2\/users\/1"}],"version-history":[{"count":12,"href":"http:\/\/www.altesrathaus-kaarst.de\/wordpress\/wp-json\/wp\/v2\/tribe_events\/443\/revisions"}],"predecessor-version":[{"id":1967,"href":"http:\/\/www.altesrathaus-kaarst.de\/wordpress\/wp-json\/wp\/v2\/tribe_events\/443\/revisions\/1967"}],"wp:featuredmedia":[{"embeddable":true,"href":"http:\/\/www.altesrathaus-kaarst.de\/wordpress\/wp-json\/wp\/v2\/media\/2027"}],"wp:attachment":[{"href":"http:\/\/www.altesrathaus-kaarst.de\/wordpress\/wp-json\/wp\/v2\/media?parent=443"}],"wp:term":[{"taxonomy":"post_tag","embeddable":true,"href":"http:\/\/www.altesrathaus-kaarst.de\/wordpress\/wp-json\/wp\/v2\/tags?post=443"},{"taxonomy":"tribe_events_cat","embeddable":true,"href":"http:\/\/www.altesrathaus-kaarst.de\/wordpress\/wp-json\/wp\/v2\/tribe_events_cat?post=443"}],"curies":[{"name":"wp","href":"https:\/\/api.w.org\/{rel}","templated":true}]}}

Muttertags Frühstücksbrunch

<h3>MUTTERTAG | Altes Rathaus Kaarst<br />
SONNTAG, 12. Mai 2024 | ab 10 UHR</h3>
<h5><em>Ein HOCH auf alle Mütter aus Kaarst *g*.</em></h5>
<p>FRÜHSTÜCKS-BUFFET für nur 22,90€</p>
<h5>Eine Voranmeldung ist gerne erwünscht:<br />
info@altesrathauskaarst.de<wbr /> | Telefon: 02131/7428536</h5>
<p>Wir freuen uns auf Euch.<br />
Euer Altes Rathaus Team.</p>

<p>MUTTERTAG | Altes Rathaus Kaarst SONNTAG, 12. Mai 2024 | ab 10 UHR Ein HOCH auf alle Mütter aus Kaarst *g*. FRÜHSTÜCKS-BUFFET für nur 22,90€ Eine Voranmeldung ist gerne erwünscht: info@altesrathauskaarst.de | Telefon: 02131/7428536 Wir freuen uns auf Euch. Euer Altes Rathaus Team.</p>
