{"id":2590,"date":"2025-12-04T19:26:24","date_gmt":"2025-12-04T18:26:24","guid":{"rendered":"https:\/\/www.altesrathaus-kaarst.de\/wordpress\/?post_type=tribe_events&#038;p=2590"},"modified":"2026-01-08T20:47:23","modified_gmt":"2026-01-08T19:47:23","slug":"kinderkarneval-im-herzen-von-kaarst","status":"publish","type":"tribe_events","link":"https:\/\/www.altesrathaus-kaarst.de\/wordpress\/event\/kinderkarneval-im-herzen-von-kaarst\/","title":{"rendered":"Kinderkarneval im Herzen von Kaarst"},"content":{"rendered":"<p data-start=\"0\" data-end=\"40\"><span class=\"x1xsqp64 xiy17q3 x1o6pynw x19co3pv xdj266r xjn30re xat24cr x1hb08if x2b8uid\" data-testid=\"emoji\"><span class=\"xexx8yu xcaqkgz x18d9i69 xbwkkl7 x3jgonx x1bhl96m\">\ud83c\udf89<\/span><\/span><span class=\"x1xsqp64 xiy17q3 x1o6pynw x19co3pv xdj266r xjn30re xat24cr x1hb08if x2b8uid\" data-testid=\"emoji\"><span class=\"xexx8yu xcaqkgz x18d9i69 xbwkkl7 x3jgonx x1bhl96m\">\ud83d\udc2f<\/span><\/span> Der Kinder-Karnevalsspa\u00df im Herzen von Kaarst! <span class=\"x1xsqp64 xiy17q3 x1o6pynw x19co3pv xdj266r xjn30re xat24cr x1hb08if x2b8uid\" data-testid=\"emoji\"><span class=\"xexx8yu xcaqkgz x18d9i69 xbwkkl7 x3jgonx x1bhl96m\">\ud83d\udc30<\/span><\/span><span class=\"x1xsqp64 xiy17q3 x1o6pynw x19co3pv xdj266r xjn30re xat24cr x1hb08if x2b8uid\" data-testid=\"emoji\"><span class=\"xexx8yu xcaqkgz x18d9i69 xbwkkl7 x3jgonx x1bhl96m\">\ud83c\udfad<\/span><\/span><\/p>\n<p>Am Sonntag, 8. Februar 2026, verwandelt sich das Alte Rathaus in eine bunte Karnevalswelt nur f\u00fcr Kinder! <span class=\"x1xsqp64 xiy17q3 x1o6pynw x19co3pv xdj266r xjn30re xat24cr x1hb08if x2b8uid\" data-testid=\"emoji\"><span class=\"xexx8yu xcaqkgz x18d9i69 xbwkkl7 x3jgonx x1bhl96m\">\ud83c\udf8a<\/span><\/span><span class=\"x1xsqp64 xiy17q3 x1o6pynw x19co3pv xdj266r xjn30re xat24cr x1hb08if x2b8uid\" data-testid=\"emoji\"><span class=\"xexx8yu xcaqkgz x18d9i69 xbwkkl7 x3jgonx x1bhl96m\">\u2728<\/span><\/span><\/p>\n<p>Hier stehen Spa\u00df, Lachen und gute Laune im Mittelpunkt \u2013 ein fr\u00f6hlicher Nachmittag, den kleine Prinzessinnen, Superhelden, Tiere und Fantasiefiguren so schnell nicht vergessen werden. <span class=\"x1xsqp64 xiy17q3 x1o6pynw x19co3pv xdj266r xjn30re xat24cr x1hb08if x2b8uid\" data-testid=\"emoji\"><span class=\"xexx8yu xcaqkgz x18d9i69 xbwkkl7 x3jgonx x1bhl96m\">\ud83d\udc51<\/span><\/span><span class=\"x1xsqp64 xiy17q3 x1o6pynw x19co3pv xdj266r xjn30re xat24cr x1hb08if x2b8uid\" data-testid=\"emoji\"><span class=\"xexx8yu xcaqkgz x18d9i69 xbwkkl7 x3jgonx x1bhl96m\">\ud83e\uddb8\u200d\u2642\ufe0f<\/span><\/span><span class=\"x1xsqp64 xiy17q3 x1o6pynw x19co3pv xdj266r xjn30re xat24cr x1hb08if x2b8uid\" data-testid=\"emoji\"><span class=\"xexx8yu xcaqkgz x18d9i69 xbwkkl7 x3jgonx x1bhl96m\">\ud83e\udd84<\/span><\/span><\/p>\n<p><span class=\"x1xsqp64 xiy17q3 x1o6pynw x19co3pv xdj266r xjn30re xat24cr x1hb08if x2b8uid\" data-testid=\"emoji\"><span class=\"xexx8yu xcaqkgz x18d9i69 xbwkkl7 x3jgonx x1bhl96m\">\ud83c\udf88<\/span><\/span> Zieht eure sch\u00f6nsten, lustigsten oder verr\u00fccktesten Kost\u00fcme an und feiert gemeinsam mit vielen anderen Kindern ein kunterbuntes Karnevalsfest! Es wird getanzt, gelacht und ausgelassen gefeiert \u2013 genau so, wie Karneval sein soll. <span class=\"x1xsqp64 xiy17q3 x1o6pynw x19co3pv xdj266r xjn30re xat24cr x1hb08if x2b8uid\" data-testid=\"emoji\"><span class=\"xexx8yu xcaqkgz x18d9i69 xbwkkl7 x3jgonx x1bhl96m\">\ud83d\udc83<\/span><\/span><span class=\"x1xsqp64 xiy17q3 x1o6pynw x19co3pv xdj266r xjn30re xat24cr x1hb08if x2b8uid\" data-testid=\"emoji\"><span class=\"xexx8yu xcaqkgz x18d9i69 xbwkkl7 x3jgonx x1bhl96m\">\ud83d\udd7a<\/span><\/span><\/p>\n<p>Freut euch auf eine tolle Atmosph\u00e4re, fr\u00f6hliche Musik und jede Menge Karnevalsspa\u00df f\u00fcr Gro\u00df und Klein! <span class=\"x1xsqp64 xiy17q3 x1o6pynw x19co3pv xdj266r xjn30re xat24cr x1hb08if x2b8uid\" data-testid=\"emoji\"><span class=\"xexx8yu xcaqkgz x18d9i69 xbwkkl7 x3jgonx x1bhl96m\">\ud83c\udfb6<\/span><\/span><span class=\"x1xsqp64 xiy17q3 x1o6pynw x19co3pv xdj266r xjn30re xat24cr x1hb08if x2b8uid\" data-testid=\"emoji\"><span class=\"xexx8yu xcaqkgz x18d9i69 xbwkkl7 x3jgonx x1bhl96m\">\ud83c\udf89<\/span><\/span><\/p>\n<p><span class=\"x1xsqp64 xiy17q3 x1o6pynw x19co3pv xdj266r xjn30re xat24cr x1hb08if x2b8uid\" data-testid=\"emoji\"><span class=\"xexx8yu xcaqkgz x18d9i69 xbwkkl7 x3jgonx x1bhl96m\">\ud83c\udfad<\/span><\/span> Beginn: 14:00 Uhr<br \/>\n<span class=\"x1xsqp64 xiy17q3 x1o6pynw x19co3pv xdj266r xjn30re xat24cr x1hb08if x2b8uid\" data-testid=\"emoji\"><span class=\"xexx8yu xcaqkgz x18d9i69 xbwkkl7 x3jgonx x1bhl96m\">\ud83d\udd5d<\/span><\/span> Einlass: ab 13:30 Uhr<\/p>\n<p>Kommt vorbei, bringt eure Freunde mit und erlebt einen Nachmittag voller Freude, Spiel und Karnevalszauber! <span class=\"x1xsqp64 xiy17q3 x1o6pynw x19co3pv xdj266r xjn30re xat24cr x1hb08if x2b8uid\" data-testid=\"emoji\"><span class=\"xexx8yu xcaqkgz x18d9i69 xbwkkl7 x3jgonx x1bhl96m\">\ud83d\udc96<\/span><\/span><span class=\"x1xsqp64 xiy17q3 x1o6pynw x19co3pv xdj266r xjn30re xat24cr x1hb08if x2b8uid\" data-testid=\"emoji\"><span class=\"xexx8yu xcaqkgz x18d9i69 xbwkkl7 x3jgonx x1bhl96m\">\ud83c\udf88<\/span><\/span><br \/>\nWir freuen uns riesig auf euch! <span class=\"x1xsqp64 xiy17q3 x1o6pynw x19co3pv xdj266r xjn30re xat24cr x1hb08if x2b8uid\" data-testid=\"emoji\"><span class=\"xexx8yu xcaqkgz x18d9i69 xbwkkl7 x3jgonx x1bhl96m\">\ud83e\udd73<\/span><\/span><span class=\"x1xsqp64 xiy17q3 x1o6pynw x19co3pv xdj266r xjn30re xat24cr x1hb08if x2b8uid\" data-testid=\"emoji\"><span class=\"xexx8yu xcaqkgz x18d9i69 xbwkkl7 x3jgonx x1bhl96m\">\ud83c\udf8a<\/span><\/span><\/p>\n<p>Euer Altes Rathaus Team<\/p>\n<p><span class=\"xv78j7m\" spellcheck=\"false\">#kaarstfeiert<\/span> <span class=\"xv78j7m\" spellcheck=\"false\">#kinderkarneval<\/span> <span class=\"xv78j7m\" spellcheck=\"false\">#karneval<\/span><\/p>\n","protected":false},"excerpt":{"rendered":"<p>\ud83c\udf89\ud83d\udc2f Der Kinder-Karnevalsspa\u00df im Herzen von Kaarst! \ud83d\udc30\ud83c\udfad Am Sonntag, 8. Februar 2026, verwandelt sich das Alte Rathaus in eine bunte Karnevalswelt nur f\u00fcr Kinder! \ud83c\udf8a\u2728 Hier stehen Spa\u00df, Lachen und gute Laune im Mittelpunkt \u2013 ein fr\u00f6hlicher Nachmittag, den kleine Prinzessinnen, Superhelden, Tiere und Fantasiefiguren so schnell nicht vergessen [&hellip;]<\/p>\n","protected":false},"author":1,"featured_media":2732,"template":"","meta":{"_tribe_events_status":"","_tribe_events_status_reason":"","footnotes":""},"tags":[],"tribe_events_cat":[4],"class_list":["post-2590","tribe_events","type-tribe_events","status-publish","has-post-thumbnail","hentry","tribe_events_cat-eventskalender","cat_eventskalender"],"_links":{"self":[{"href":"https:\/\/www.altesrathaus-kaarst.de\/wordpress\/wp-json\/wp\/v2\/tribe_events\/2590","targetHints":{"allow":["GET"]}}],"collection":[{"href":"https:\/\/www.altesrathaus-kaarst.de\/wordpress\/wp-json\/wp\/v2\/tribe_events"}],"about":[{"href":"https:\/\/www.altesrathaus-kaarst.de\/wordpress\/wp-json\/wp\/v2\/types\/tribe_events"}],"author":[{"embeddable":true,"href":"https:\/\/www.altesrathaus-kaarst.de\/wordpress\/wp-json\/wp\/v2\/users\/1"}],"version-history":[{"count":4,"href":"https:\/\/www.altesrathaus-kaarst.de\/wordpress\/wp-json\/wp\/v2\/tribe_events\/2590\/revisions"}],"predecessor-version":[{"id":2729,"href":"https:\/\/www.altesrathaus-kaarst.de\/wordpress\/wp-json\/wp\/v2\/tribe_events\/2590\/revisions\/2729"}],"wp:featuredmedia":[{"embeddable":true,"href":"https:\/\/www.altesrathaus-kaarst.de\/wordpress\/wp-json\/wp\/v2\/media\/2732"}],"wp:attachment":[{"href":"https:\/\/www.altesrathaus-kaarst.de\/wordpress\/wp-json\/wp\/v2\/media?parent=2590"}],"wp:term":[{"taxonomy":"post_tag","embeddable":true,"href":"https:\/\/www.altesrathaus-kaarst.de\/wordpress\/wp-json\/wp\/v2\/tags?post=2590"},{"taxonomy":"tribe_events_cat","embeddable":true,"href":"https:\/\/www.altesrathaus-kaarst.de\/wordpress\/wp-json\/wp\/v2\/tribe_events_cat?post=2590"}],"curies":[{"name":"wp","href":"https:\/\/api.w.org\/{rel}","templated":true}]}}

<p data-start="0" data-end="40"><span class="x1xsqp64 xiy17q3 x1o6pynw x19co3pv xdj266r xjn30re xat24cr x1hb08if x2b8uid" data-testid="emoji"><span class="xexx8yu xcaqkgz x18d9i69 xbwkkl7 x3jgonx x1bhl96m">🎉</span></span><span class="x1xsqp64 xiy17q3 x1o6pynw x19co3pv xdj266r xjn30re xat24cr x1hb08if x2b8uid" data-testid="emoji"><span class="xexx8yu xcaqkgz x18d9i69 xbwkkl7 x3jgonx x1bhl96m">🐯</span></span> Der Kinder-Karnevalsspaß im Herzen von Kaarst! <span class="x1xsqp64 xiy17q3 x1o6pynw x19co3pv xdj266r xjn30re xat24cr x1hb08if x2b8uid" data-testid="emoji"><span class="xexx8yu xcaqkgz x18d9i69 xbwkkl7 x3jgonx x1bhl96m">🐰</span></span><span class="x1xsqp64 xiy17q3 x1o6pynw x19co3pv xdj266r xjn30re xat24cr x1hb08if x2b8uid" data-testid="emoji"><span class="xexx8yu xcaqkgz x18d9i69 xbwkkl7 x3jgonx x1bhl96m">🎭</span></span></p>
<p>Am Sonntag, 8. Februar 2026, verwandelt sich das Alte Rathaus in eine bunte Karnevalswelt nur für Kinder! <span class="x1xsqp64 xiy17q3 x1o6pynw x19co3pv xdj266r xjn30re xat24cr x1hb08if x2b8uid" data-testid="emoji"><span class="xexx8yu xcaqkgz x18d9i69 xbwkkl7 x3jgonx x1bhl96m">🎊</span></span><span class="x1xsqp64 xiy17q3 x1o6pynw x19co3pv xdj266r xjn30re xat24cr x1hb08if x2b8uid" data-testid="emoji"><span class="xexx8yu xcaqkgz x18d9i69 xbwkkl7 x3jgonx x1bhl96m">✨</span></span></p>
<p>Hier stehen Spaß, Lachen und gute Laune im Mittelpunkt – ein fröhlicher Nachmittag, den kleine Prinzessinnen, Superhelden, Tiere und Fantasiefiguren so schnell nicht vergessen werden. <span class="x1xsqp64 xiy17q3 x1o6pynw x19co3pv xdj266r xjn30re xat24cr x1hb08if x2b8uid" data-testid="emoji"><span class="xexx8yu xcaqkgz x18d9i69 xbwkkl7 x3jgonx x1bhl96m">👑</span></span><span class="x1xsqp64 xiy17q3 x1o6pynw x19co3pv xdj266r xjn30re xat24cr x1hb08if x2b8uid" data-testid="emoji"><span class="xexx8yu xcaqkgz x18d9i69 xbwkkl7 x3jgonx x1bhl96m">🦸‍♂️</span></span><span class="x1xsqp64 xiy17q3 x1o6pynw x19co3pv xdj266r xjn30re xat24cr x1hb08if x2b8uid" data-testid="emoji"><span class="xexx8yu xcaqkgz x18d9i69 xbwkkl7 x3jgonx x1bhl96m">🦄</span></span></p>
<p><span class="x1xsqp64 xiy17q3 x1o6pynw x19co3pv xdj266r xjn30re xat24cr x1hb08if x2b8uid" data-testid="emoji"><span class="xexx8yu xcaqkgz x18d9i69 xbwkkl7 x3jgonx x1bhl96m">🎈</span></span> Zieht eure schönsten, lustigsten oder verrücktesten Kostüme an und feiert gemeinsam mit vielen anderen Kindern ein kunterbuntes Karnevalsfest! Es wird getanzt, gelacht und ausgelassen gefeiert – genau so, wie Karneval sein soll. <span class="x1xsqp64 xiy17q3 x1o6pynw x19co3pv xdj266r xjn30re xat24cr x1hb08if x2b8uid" data-testid="emoji"><span class="xexx8yu xcaqkgz x18d9i69 xbwkkl7 x3jgonx x1bhl96m">💃</span></span><span class="x1xsqp64 xiy17q3 x1o6pynw x19co3pv xdj266r xjn30re xat24cr x1hb08if x2b8uid" data-testid="emoji"><span class="xexx8yu xcaqkgz x18d9i69 xbwkkl7 x3jgonx x1bhl96m">🕺</span></span></p>
<p>Freut euch auf eine tolle Atmosphäre, fröhliche Musik und jede Menge Karnevalsspaß für Groß und Klein! <span class="x1xsqp64 xiy17q3 x1o6pynw x19co3pv xdj266r xjn30re xat24cr x1hb08if x2b8uid" data-testid="emoji"><span class="xexx8yu xcaqkgz x18d9i69 xbwkkl7 x3jgonx x1bhl96m">🎶</span></span><span class="x1xsqp64 xiy17q3 x1o6pynw x19co3pv xdj266r xjn30re xat24cr x1hb08if x2b8uid" data-testid="emoji"><span class="xexx8yu xcaqkgz x18d9i69 xbwkkl7 x3jgonx x1bhl96m">🎉</span></span></p>
<p><span class="x1xsqp64 xiy17q3 x1o6pynw x19co3pv xdj266r xjn30re xat24cr x1hb08if x2b8uid" data-testid="emoji"><span class="xexx8yu xcaqkgz x18d9i69 xbwkkl7 x3jgonx x1bhl96m">🎭</span></span> Beginn: 14:00 Uhr<br />
<span class="x1xsqp64 xiy17q3 x1o6pynw x19co3pv xdj266r xjn30re xat24cr x1hb08if x2b8uid" data-testid="emoji"><span class="xexx8yu xcaqkgz x18d9i69 xbwkkl7 x3jgonx x1bhl96m">🕝</span></span> Einlass: ab 13:30 Uhr</p>
<p>Kommt vorbei, bringt eure Freunde mit und erlebt einen Nachmittag voller Freude, Spiel und Karnevalszauber! <span class="x1xsqp64 xiy17q3 x1o6pynw x19co3pv xdj266r xjn30re xat24cr x1hb08if x2b8uid" data-testid="emoji"><span class="xexx8yu xcaqkgz x18d9i69 xbwkkl7 x3jgonx x1bhl96m">💖</span></span><span class="x1xsqp64 xiy17q3 x1o6pynw x19co3pv xdj266r xjn30re xat24cr x1hb08if x2b8uid" data-testid="emoji"><span class="xexx8yu xcaqkgz x18d9i69 xbwkkl7 x3jgonx x1bhl96m">🎈</span></span><br />
Wir freuen uns riesig auf euch! <span class="x1xsqp64 xiy17q3 x1o6pynw x19co3pv xdj266r xjn30re xat24cr x1hb08if x2b8uid" data-testid="emoji"><span class="xexx8yu xcaqkgz x18d9i69 xbwkkl7 x3jgonx x1bhl96m">🥳</span></span><span class="x1xsqp64 xiy17q3 x1o6pynw x19co3pv xdj266r xjn30re xat24cr x1hb08if x2b8uid" data-testid="emoji"><span class="xexx8yu xcaqkgz x18d9i69 xbwkkl7 x3jgonx x1bhl96m">🎊</span></span></p>
<p>Euer Altes Rathaus Team</p>
<p><span class="xv78j7m" spellcheck="false">#kaarstfeiert</span> <span class="xv78j7m" spellcheck="false">#kinderkarneval</span> <span class="xv78j7m" spellcheck="false">#karneval</span></p>

<p>🎉🐯 Der Kinder-Karnevalsspaß im Herzen von Kaarst! 🐰🎭 Am Sonntag, 8. Februar 2026, verwandelt sich das Alte Rathaus in eine bunte Karnevalswelt nur für Kinder! 🎊✨ Hier stehen Spaß, Lachen und gute Laune im Mittelpunkt – ein fröhlicher Nachmittag, den kleine Prinzessinnen, Superhelden, Tiere und Fantasiefiguren so schnell nicht vergessen [&hellip;]</p>
